{"id":348,"date":"2024-10-08T19:32:38","date_gmt":"2024-10-08T17:32:38","guid":{"rendered":"https:\/\/bioelife.fr\/?page_id=348"},"modified":"2024-10-20T13:39:12","modified_gmt":"2024-10-20T11:39:12","slug":"huil-essentielle-de-pruche","status":"publish","type":"page","link":"https:\/\/bioelife.fr\/index.php\/huil-essentielle-de-pruche\/","title":{"rendered":"Huil essentielle de pruche"},"content":{"rendered":"\t\t<div data-elementor-type=\"wp-page\" data-elementor-id=\"348\" class=\"elementor elementor-348\">\n\t\t\t\t<div class=\"elementor-element elementor-element-7dff6a8 e-flex e-con-boxed e-con e-parent\" data-id=\"7dff6a8\" data-element_type=\"container\" data-settings=\"{&quot;background_background&quot;:&quot;slideshow&quot;,&quot;background_slideshow_gallery&quot;:[{&quot;id&quot;:290,&quot;url&quot;:&quot;https:\\\/\\\/bioelife.fr\\\/wp-content\\\/uploads\\\/2024\\\/10\\\/Unknown-21-scaled.jpeg&quot;}],&quot;jet_parallax_layout_list&quot;:[],&quot;background_slideshow_loop&quot;:&quot;yes&quot;,&quot;background_slideshow_slide_duration&quot;:5000,&quot;background_slideshow_slide_transition&quot;:&quot;fade&quot;,&quot;background_slideshow_transition_duration&quot;:500}\">\n\t\t\t\t\t<div class=\"e-con-inner\">\n\t\t\t\t<div class=\"elementor-element elementor-element-1c8d432 elementor-widget elementor-widget-heading\" data-id=\"1c8d432\" data-element_type=\"widget\" data-widget_type=\"heading.default\">\n\t\t\t\t<div class=\"elementor-widget-container\">\n\t\t\t\t\t<h2 class=\"elementor-heading-title elementor-size-default\">Huile essentielle de pruche<\/h2>\t\t\t\t<\/div>\n\t\t\t\t<\/div>\n\t\t\t\t\t<\/div>\n\t\t\t\t<\/div>\n\t\t<div class=\"elementor-element elementor-element-0e45b6d e-flex e-con-boxed e-con e-parent\" data-id=\"0e45b6d\" data-element_type=\"container\" data-settings=\"{&quot;jet_parallax_layout_list&quot;:[]}\">\n\t\t\t\t\t<div class=\"e-con-inner\">\n\t\t<div class=\"elementor-element elementor-element-294e2e2 e-grid e-con-full e-con e-child\" data-id=\"294e2e2\" data-element_type=\"container\" data-settings=\"{&quot;jet_parallax_layout_list&quot;:[]}\">\n\t\t\t\t<div class=\"elementor-element elementor-element-7558a6e elementor-widget elementor-widget-text-editor\" data-id=\"7558a6e\" data-element_type=\"widget\" data-widget_type=\"text-editor.default\">\n\t\t\t\t<div class=\"elementor-widget-container\">\n\t\t\t\t\t\t\t\t\t<h2><strong><span style=\"color: black;\">TSUGA CANADENSIS<\/span><\/strong><\/h2><h5><strong>M\u00e9thode d\u2019extraction : <\/strong>distillation compl\u00e8te \u00e0 la vapeur d&rsquo;eau<\/h5><h5>Huile essentielle 100% pure et naturelle<\/h5><h5>\ud83c\udf32 Pruche, biologique Canada vraiment Top qualit\u00e9<\/h5><h6><strong>Partie : aiguilles<\/strong><\/h6><h6><strong>Origine : Canada<\/strong><\/h6>\t\t\t\t\t\t\t\t<\/div>\n\t\t\t\t<\/div>\n\t\t\t\t<div class=\"elementor-element elementor-element-30fd8ad elementor-widget elementor-widget-image\" data-id=\"30fd8ad\" data-element_type=\"widget\" data-widget_type=\"image.default\">\n\t\t\t\t<div class=\"elementor-widget-container\">\n\t\t\t\t\t\t\t\t\t\t\t\t\t\t\t<img fetchpriority=\"high\" decoding=\"async\" width=\"500\" height=\"500\" src=\"https:\/\/bioelife.fr\/wp-content\/uploads\/2024\/10\/Unknown-500x500.webp\" class=\"attachment-Image Size 500x500 size-Image Size 500x500 wp-image-247\" alt=\"\" srcset=\"https:\/\/bioelife.fr\/wp-content\/uploads\/2024\/10\/Unknown-500x500.webp 500w, https:\/\/bioelife.fr\/wp-content\/uploads\/2024\/10\/Unknown-300x300.webp 300w, https:\/\/bioelife.fr\/wp-content\/uploads\/2024\/10\/Unknown-100x100.webp 100w, https:\/\/bioelife.fr\/wp-content\/uploads\/2024\/10\/Unknown-600x600.webp 600w, https:\/\/bioelife.fr\/wp-content\/uploads\/2024\/10\/Unknown-1024x1024.webp 1024w, https:\/\/bioelife.fr\/wp-content\/uploads\/2024\/10\/Unknown-150x150.webp 150w, https:\/\/bioelife.fr\/wp-content\/uploads\/2024\/10\/Unknown-768x768.webp 768w, https:\/\/bioelife.fr\/wp-content\/uploads\/2024\/10\/elementor\/thumbs\/Unknown-quxdoty55tv78ht0mmdt1jg7zb898bkfg97ho6dmb4.webp 1080w, https:\/\/bioelife.fr\/wp-content\/uploads\/2024\/10\/Unknown.webp 1280w\" sizes=\"(max-width: 500px) 100vw, 500px\" \/>\t\t\t\t\t\t\t\t\t\t\t\t\t\t\t<\/div>\n\t\t\t\t<\/div>\n\t\t\t\t<\/div>\n\t\t\t\t\t<\/div>\n\t\t\t\t<\/div>\n\t\t<div class=\"elementor-element elementor-element-b995328 e-flex e-con-boxed e-con e-parent\" data-id=\"b995328\" data-element_type=\"container\" data-settings=\"{&quot;jet_parallax_layout_list&quot;:[]}\">\n\t\t\t\t\t<div class=\"e-con-inner\">\n\t\t\t\t<div class=\"elementor-element elementor-element-c2c403a elementor-widget elementor-widget-raven-advanced-accordion\" data-id=\"c2c403a\" data-element_type=\"widget\" data-settings=\"{&quot;collapsible&quot;:&quot;false&quot;,&quot;scroll_to_content&quot;:&quot;false&quot;}\" data-widget_type=\"raven-advanced-accordion.default\">\n\t\t\t\t<div class=\"elementor-widget-container\">\n\t\t\t\t\t\t\t\t<div id=\"jupiterx-advanced-accordion-wrapper\" class=\"jupiterx-advanced-accordion-wrapper\">\n\t\t\t\t<div class=\"jupiterx-advanced-accordion-inner-wrapper\">\n\t\t\t\t\t\t\t\t\t\t\t\t\t\t<div class=\"jupiterx-single-advanced-accordion-wrapper  jx-ac-first  jx-ac-inactive\" id=\"\" >\n\t\t\t\t<div class=\"jx-single-accordion-header\">\n\t\t\t\t\t<div class=\"jx-single-accordion-header-left\">\n\t\t\t\t\t\t<div class=\"jx-single-accordion-header-icon-toggle-wrapper jx-single-accordion-header-icon-toggle-wrapper-hide\" >\n\t\t\t\t\t\t\t\t\t\t\t\t\t<\/div>\n\t\t\t\t\t\t<span class=\"jx-ac-title\">Description<\/span>\t\t\t\t\t<\/div>\n\t\t\t\t\t<div class=\"jx-single-accordion-header-right\">\n\t\t\t\t\t\t<i aria-hidden=\"true\" class=\"jx-ac-icon-body-closed jx-ac-toggle-icon fas fa-chevron-right\"><\/i><i aria-hidden=\"true\" class=\"jx-ac-icon-body-opened jx-ac-toggle-icon fas fa-chevron-down\"><\/i>\t\t\t\t\t<\/div>\n\t\t\t\t<\/div>\n\t\t\t\t<div class=\"jx-single-accordion-body  jx-ac-body-none\">\n\t\t\t\t\t<div class=\"jx-ac-content\">\n\t\t\t\t\t\t<div class=\"jx-ac-content-inner-wrapper\">\n\t\t\t\t\t\t\t<div class=\"jupiterx-ac-content-is-editor\"><p class=\"gmail-p1\">La pruche est le conif\u00e8re le plus beau, le plus \u00e9l\u00e9gant, le plus classe du Canada et du Sud du Qu\u00e9bec. On peut le distinguer de tous les autres conif\u00e8res pour sa branche terminale toujours orient\u00e9e vers l\u2019Est. Il est aussi appel\u00e9 pruche de l\u2019Est ou plus simplement pruche du Canada.<\/p><p class=\"gmail-p1\">L\u2019huile essentielle de pruche, \u00e9galement appel\u00e9e <b>huile essentielle de Tsuga canadensis<\/b>, est extraite des aiguilles et des branches du <b>pruche du Canada<\/b>, un conif\u00e8re originaire des for\u00eats nord-am\u00e9ricaines. Elle est souvent pris\u00e9e pour ses nombreuses propri\u00e9t\u00e9s th\u00e9rapeutiques et son parfum doux et r\u00e9confortant, \u00e9voquant la fra\u00eecheur des for\u00eats de sapins.<\/p><\/div>\t\t\t\t\t\t<\/div>\n\t\t\t\t\t<\/div>\n\t\t\t\t<\/div>\n\t\t\t<\/div>\n\t\t\t\t\t\t\t\t\t\t\t\t\t\t\t\t<div class=\"jupiterx-single-advanced-accordion-wrapper  jx-ac-active\" id=\"\" >\n\t\t\t\t<div class=\"jx-single-accordion-header\">\n\t\t\t\t\t<div class=\"jx-single-accordion-header-left\">\n\t\t\t\t\t\t<div class=\"jx-single-accordion-header-icon-toggle-wrapper jx-single-accordion-header-icon-toggle-wrapper-hide\" >\n\t\t\t\t\t\t\t\t\t\t\t\t\t<\/div>\n\t\t\t\t\t\t<span class=\"jx-ac-title\">Action \u00e9nerg\u00e9tique et \u00e9motionnelle <\/span>\t\t\t\t\t<\/div>\n\t\t\t\t\t<div class=\"jx-single-accordion-header-right\">\n\t\t\t\t\t\t<i aria-hidden=\"true\" class=\"jx-ac-icon-body-closed jx-ac-toggle-icon fas fa-chevron-right\"><\/i><i aria-hidden=\"true\" class=\"jx-ac-icon-body-opened jx-ac-toggle-icon fas fa-chevron-down\"><\/i>\t\t\t\t\t<\/div>\n\t\t\t\t<\/div>\n\t\t\t\t<div class=\"jx-single-accordion-body  jx-ac-body-block\">\n\t\t\t\t\t<div class=\"jx-ac-content\">\n\t\t\t\t\t\t<div class=\"jx-ac-content-inner-wrapper\">\n\t\t\t\t\t\t\t<div class=\"jupiterx-ac-content-is-editor\"><p class=\"gmail-p1\"><b>Propri\u00e9t\u00e9s et bienfaits<\/b><b><\/b><\/p><p class=\"gmail-p1\">L\u2019huile essentielle de pruche est particuli\u00e8rement r\u00e9put\u00e9e pour ses effets apaisants et r\u00e9\u00e9quilibrants. Voici certains de ses bienfaits les plus courants :<\/p><p class=\"gmail-p1\">1. <b>Apaisement \u00e9motionnel et relaxation<\/b> : Elle est souvent utilis\u00e9e pour calmer l\u2019esprit, soulager le stress, et favoriser la relaxation. Son parfum bois\u00e9 et l\u00e9g\u00e8rement r\u00e9sineux aide \u00e0 se recentrer, apportant une sensation de s\u00e9curit\u00e9 et de r\u00e9confort.<\/p><p class=\"gmail-p1\">2. <b>Soutien du syst\u00e8me immunitaire<\/b> : Gr\u00e2ce \u00e0 ses propri\u00e9t\u00e9s antiseptiques, elle peut \u00eatre utilis\u00e9e pour purifier l\u2019air et soutenir les d\u00e9fenses naturelles du corps.<\/p><p class=\"gmail-p1\">3. <b>Am\u00e9lioration de la respiration<\/b> : Comme d\u2019autres huiles de conif\u00e8res, l\u2019huile de pruche aide \u00e0 d\u00e9gager les voies respiratoires et est parfois utilis\u00e9e en diffusion pour faciliter la respiration, surtout en p\u00e9riode de froid ou lors de maladies respiratoires l\u00e9g\u00e8res.<\/p><p class=\"gmail-p1\">4. <b>\u00c9quilibre \u00e9nerg\u00e9tique<\/b> : En aromath\u00e9rapie, elle est souvent associ\u00e9e \u00e0 l\u2019ancrage et \u00e0 l\u2019\u00e9quilibre des \u00e9nergies. Elle est consid\u00e9r\u00e9e comme une huile qui aide \u00e0 retrouver une harmonie int\u00e9rieure, favorisant un sentiment de connexion \u00e0 la terre et de stabilit\u00e9.<\/p><\/div>\t\t\t\t\t\t<\/div>\n\t\t\t\t\t<\/div>\n\t\t\t\t<\/div>\n\t\t\t<\/div>\n\t\t\t\t\t\t\t\t\t\t\t\t\t\t\t\t<div class=\"jupiterx-single-advanced-accordion-wrapper  jx-ac-last  jx-ac-inactive\" id=\"\" >\n\t\t\t\t<div class=\"jx-single-accordion-header\">\n\t\t\t\t\t<div class=\"jx-single-accordion-header-left\">\n\t\t\t\t\t\t<div class=\"jx-single-accordion-header-icon-toggle-wrapper jx-single-accordion-header-icon-toggle-wrapper-hide\" >\n\t\t\t\t\t\t\t\t\t\t\t\t\t<\/div>\n\t\t\t\t\t\t<span class=\"jx-ac-title\">Utilisation courantes <\/span>\t\t\t\t\t<\/div>\n\t\t\t\t\t<div class=\"jx-single-accordion-header-right\">\n\t\t\t\t\t\t<i aria-hidden=\"true\" class=\"jx-ac-icon-body-closed jx-ac-toggle-icon fas fa-chevron-right\"><\/i><i aria-hidden=\"true\" class=\"jx-ac-icon-body-opened jx-ac-toggle-icon fas fa-chevron-down\"><\/i>\t\t\t\t\t<\/div>\n\t\t\t\t<\/div>\n\t\t\t\t<div class=\"jx-single-accordion-body  jx-ac-body-none\">\n\t\t\t\t\t<div class=\"jx-ac-content\">\n\t\t\t\t\t\t<div class=\"jx-ac-content-inner-wrapper\">\n\t\t\t\t\t\t\t<div class=\"jupiterx-ac-content-is-editor\"><p class=\"gmail-p1\"><b>En diffusion<\/b> : Quelques gouttes dans un diffuseur permettent de purifier l\u2019air et de cr\u00e9er une ambiance apaisante.<\/p><p class=\"gmail-p1\">\u2022 <b>En massage<\/b> : Diluer dans une huile v\u00e9g\u00e9tale pour un massage relaxant, particuli\u00e8rement efficace pour soulager les tensions nerveuses et favoriser la d\u00e9tente.<\/p><p>\u00a0<\/p><p class=\"gmail-p1\">\u2022 <b>Dans un bain<\/b> : Ajouter quelques gouttes \u00e0 l\u2019eau du bain (toujours dilu\u00e9es dans une base comme du lait ou un dispersant) pour un moment de relaxation profond.<\/p><\/div>\t\t\t\t\t\t<\/div>\n\t\t\t\t\t<\/div>\n\t\t\t\t<\/div>\n\t\t\t<\/div>\n\t\t\t\t\t\t\t\t\t\t\t<\/div>\n\t\t\t<\/div>\n\t\t\t\t\t\t\t<\/div>\n\t\t\t\t<\/div>\n\t\t\t\t\t<\/div>\n\t\t\t\t<\/div>\n\t\t\t\t<\/div>\n\t\t","protected":false},"excerpt":{"rendered":"<p>Huile essentielle de pruche TSUGA CANADENSIS M\u00e9thode d\u2019extraction : distillation compl\u00e8te \u00e0 la vapeur d&rsquo;eau Huile essentielle 100% pure et naturelle \ud83c\udf32 Pruche, biologique Canada vraiment Top qualit\u00e9 Partie : aiguilles Origine : Canada Description La pruche est le conif\u00e8re le plus beau, le plus \u00e9l\u00e9gant, le plus classe du Canada et du Sud du [&hellip;]<\/p>\n","protected":false},"author":2,"featured_media":0,"parent":0,"menu_order":0,"comment_status":"closed","ping_status":"closed","template":"elementor_header_footer","meta":{"_acf_changed":false,"footnotes":""},"class_list":["post-348","page","type-page","status-publish","hentry"],"acf":[],"_links":{"self":[{"href":"https:\/\/bioelife.fr\/index.php\/wp-json\/wp\/v2\/pages\/348","targetHints":{"allow":["GET"]}}],"collection":[{"href":"https:\/\/bioelife.fr\/index.php\/wp-json\/wp\/v2\/pages"}],"about":[{"href":"https:\/\/bioelife.fr\/index.php\/wp-json\/wp\/v2\/types\/page"}],"author":[{"embeddable":true,"href":"https:\/\/bioelife.fr\/index.php\/wp-json\/wp\/v2\/users\/2"}],"replies":[{"embeddable":true,"href":"https:\/\/bioelife.fr\/index.php\/wp-json\/wp\/v2\/comments?post=348"}],"version-history":[{"count":0,"href":"https:\/\/bioelife.fr\/index.php\/wp-json\/wp\/v2\/pages\/348\/revisions"}],"wp:attachment":[{"href":"https:\/\/bioelife.fr\/index.php\/wp-json\/wp\/v2\/media?parent=348"}],"curies":[{"name":"wp","href":"https:\/\/api.w.org\/{rel}","templated":true}]}}